 of r**3/3 + 3*r**2/2 - r - 190. Give z(-3).
-1
Suppose -17*x + 12*x = -15. Let k(c) = -25*c + 52*c - c**x - 26*c - 4*c**2 - 5. Calculate k(-5).
15
Suppose 1 + 4 = 5*g. Let l be 16/2 + 0/g. Let u be 2 - (-4)/l*-6. Let m(b) = b**2 + b. Determine m(u).
0
Suppose 0 = -9*f + 22 + 23. Let a(g) = -4*g**2 - 2*g + 3. Let d(z) = -5*z**2 - z + 3. Let w(r) = f*d(r) - 6*a(r). Determine w(6).
3
Let u(i) = -i**2 + 5*i - 3. Let v(j) = j + 14. Let h be v(-8). Let t be 2*3 - (h + -4). Calculate u(t).
1
Suppose -8*u + 42 = -14*u. Let w(g) = g**3 + 7*g**2 - 2*g + 1. What is w(u)?
15
Let k(x) = -10*x + 2. Let l = -637 + 636. Calculate k(l).
12
Let h(j) = 18 - 5 - 5 - 2 + 3*j - 3. Determine h(0).
3
Let z be 1/4 - (-1 + (-7)/4). Suppose -4*h - 10 = -2*y, -z*y = -4*h - 5*y + 2. Let k(j) = 18*j**3 + j**2 + 2*j + 1. Give k(h).
-18
Let i(r) = r**2 + 33*r - 1057. Let v be i(-53). Let b(k) = -3*k + 7*k + 2 + 3*k. Let n(c) = 4*c + 1. Let t(l) = 3*b(l) - 5*n(l). What is t(v)?
4
Let n be ((-2)/(-1))/(2/(-35)). Let i be (n/(-14))/((-2)/4). Let w(x) = -x - 1. Calculate w(i).
4
Let p = -77 + 112. Suppose 4*w = 3*o + 3, 3*w + 4*o + p = -2*w. Let a(g) be the first derivative of g**4/4 + 5*g**3/3 + 3*g**2/2 - 4*g - 2. What is a(w)?
5
Let x(i) = -4*i**3 + 12*i**2 - 2*i + 12. Let a(m) = 5*m**3 - 13*m**2 + m - 11. Let v(q) = 5*a(q) + 6*x(q). Determine v(-8).
9
Let l(r) be the third derivative of r**6/40 + r**4/24 - 2*r**2 - 219*r. What is l(-2)?
-26
Let g(y) be the third derivative of -y**6/120 - 7*y**5/60 + 7*y**4/24 - 13*y**3/6 - 265*y**2. Calculate g(-8).
-5
Let a(b) = -10*b - b**2 + 5*b + 10 + b + 0*b - b. Give a(-5).
10
Let s(z) be the third derivative of -z**4/24 - z**3/3 - 228*z**2. Give s(-5).
3
Let u(o) be the third derivative of o**5/10 - o**4/12 - 23*o**2. Let q be 1*((-12)/3)/(-2). Calculate u(q).
20
Let i(r) = 3*r**2 + 25*r - 7. Let g(h) = h**2 + 9*h - 2. Let b(l) = 17*g(l) - 6*i(l). What is b(6)?
-10
Let o(a) = 2*a**2 - 2*a - 3. Let m(s) = s**3 + 5*s**2 - 11*s - 27. Let q be m(-6). Give o(q).
9
Let z(i) = -i**3 - 2*i**2 + 2*i - 1. Suppose -5*j = -51 - 179. Let m = 33 - j. Let k be (2/(-6))/(m/39). Give z(k).
-2
Let o = 41 - -9. Let h(j) = 0*j - 3*j**2 + o - 50 - j. Let y(r) = r + 3. Let m be y(-4). Calculate h(m).
-2
Let n(l) = -l**3 + 9*l**2 - 8*l + 3. Suppose 14*x - 3*x = 66. Determine n(x).
63
Let u be 3 + (24/(-36))/((-4)/(-18)). Let z(n) be the third derivative of -n**5/60 + n**4/24 + 5*n**3/3 + n**2. Give z(u).
10
Let a(d) = -14*d**2 - 10*d + 16. Let w(p) = 5*p**2 + 3*p - 5. Let x(r) = -4*a(r) - 11*w(r). Suppose 95*l = 114*l + 152. What is x(l)?
-1
Let k(j) = -j + 1. Let i(q) = 6*q + 3. Let z(y) = i(y) + k(y). Let r(t) = 10*t + 8. Let w(h) = 4*r(h) - 9*z(h). Determine w(-3).
11
Let j(h) be the first derivative of -h**3/3 + 5*h**2/2 + 18*h + 306. Give j(8).
-6
Let a = -528 - -526. Let j(w) = 2*w - 4. Calculate j(a).
-8
Suppose -3*q = -8*q + 15. Suppose 5*n - 6*n + 2 = 0. Let h(r) = -2*r**n + 0*r**2 + r**2 + 2*r**2 - r - 1. Calculate h(q).
5
Let r(y) = 6*y**2 + 2*y - 3. Let b(v) = -v**2. Let o(s) = 2*b(s) + r(s). Let u be (-3)/(-7 + 88/16). Give o(u).
17
Let p(u) = -6*u**2 - 2*u - 34. Let s(l) = 5*l**2 + 2*l + 26. Let h(c) = -4*p(c) - 5*s(c). Suppose 12 = -5*o - 13. What is h(o)?
-9
Suppose -3*q + 0*u = -3*u - 9, 2*q = 4*u. Suppose t - q = d, -d - 18 = 3*d - 2*t. Let i(h) be the second derivative of -h**3/2 + 3*h**2/2 - h. Determine i(d).
12
Let m(k) be the second derivative of -1/120*k**5 - 2*k + 0*k**2 - 1/3*k**3 + 1/12*k**4 + 0. Let p(n) be the second derivative of m(n). Calculate p(6).
-4
Let f(p) be the first derivative of p**4/4 - p**2 + 2*p - 170. Calculate f(2).
6
Let i(y) be the second derivative of y**3/6 + y**2/2 + 8*y. Let p(z) = 3*z + 2. Let n(s) = -9*i(s) + 4*p(s). Determine n(1).
2
Suppose -3*k = -43 + 25. Suppose -k*o + 80 = 10*o. Let i(g) = g**3 - 5*g**2 + 2*g - 5. Calculate i(o).
5
Let z = 233 - 232. Let g(s) = -8*s + 1. Calculate g(z).
-7
Let b = 12 - 9. Let w = b - -1. Let y(c) = -1 + 0 + w - 7*c - 4. Determine y(1).
-8
Let t(d) = d**2 + d + 2. Suppose 3*n = n - 3*n. Give t(n).
2
Suppose -60*f - 25 = -745. Let z(v) = -v**2 + 13*v - 8. Determine z(f).
4
Let n be (4*(-1)/(-18))/(6/108). Let p(x) = x**2 - 4*x + 9. Determine p(n).
9
Let s(b) = b**3 - 12*b**2 + 4*b - 53. Let h be s(12). Let q(a) = -a**3 - 4*a**2 + 6*a + 8. What is q(h)?
3
Let y(b) be the second derivative of 1/12*b**4 + 1/20*b**5 + 4*b + b**2 + 0 - 1/6*b**3. Let k = -2 + 2. Give y(k).
2
Let s(x) = -x**2 - 8*x - 3. Suppose j - 24 = 3*j + 5*c, 4*j + c = -30. Let z be s(j). Let b(n) = -3*n**2 - 2*n - 4*n**3 + 4*n**3 + n**3 - 2. Calculate b(z).
6
Let l(r) = 9*r + 7. Let o(u) = 9*u + 6. Let h(n) = -4*l(n) + 5*o(n). Let t be (-18)/(-15) + 1 + 3/(-15). Give h(t).
20
Let i(r) = r**3 + 3*r**2 - 4*r + 2. Let j(o) = -6*o + 3. Let s be j(-2). Let c be (-2)/s - 290/75. What is i(c)?
2
Let r(i) = -21*i + 82. Let x be r(4). Let k(l) = 11*l + 2. Give k(x).
-20
Let s = 20 - 27. Let v(h) be the third derivative of h**5/60 + h**4/4 - 5*h**3/3 + 3*h**2. What is v(s)?
-3
Suppose -13 = -5*x - 3. Let s(n) = n**3 - x*n**2 + 3*n + 9*n**3 - 4*n. Give s(-1).
-11
Let b(p) be the first derivative of 2*p**2 + 15. Suppose 5*t + 26 = 4*d, 3*t + t - 5*d + 28 = 0. Determine b(t).
-8
Let u(n) = 3*n**2 - 1. Let b(g) = 6*g - 93. Let t be b(16). Give u(t).
26
Suppose -12*l = -10*l + 68. Let d = l - -15. Let m = d + 23. Let h(x) = -x**3 + 4*x**2 + 4*x - 6. Give h(m).
10
Let l(f) = -f**3 + 9 + 929*f - 929*f - 11*f**2. Give l(-11).
9
Suppose -55*v + 38*v = 0. Let p(s) be the second derivative of v - 2*s + 1/3*s**3 + 3*s**2. Calculate p(-4).
-2
Let x(v) = -v**2 + v - 1. Let j be x(0). Let u be 15/5*(j - -2). Suppose 10*l - u = 11*l. Let h(z) = -z**2 + 4. Determine h(l).
-5
Suppose 0 = -3*v - 4*i + 43 + 44, 5*i + 35 = 2*v. Let r(k) = -30 + k - 2*k + v. What is r(0)?
-5
Let r = 44 - 41. Let l(i) = -7*i**2 + 4*i + 3. Let q(f) = -7*f**2 + 3*f + 2. Let p(n) = r*q(n) - 2*l(n). What is p(1)?
-6
Suppose 2*y = 8, 3*y - 19 - 9 = -4*t. Let b(n) = 5*n**2 + 11*n - t + 3*n**3 - 5*n - 4*n**3. What is b(6)?
-4
Let k be ((-5)/(-2))/((-2)/(-4)). Let i(l) = 4*l - 301*l**2 - 4 + 9 + 596*l**2 - 296*l**2. What is i(k)?
0
Suppose 3*d - 4*b = 13, -11 = 3*b - 8. Let g(r) be the third derivative of 0*r**d + 0*r**5 + 0*r**4 + 0*r - 1/120*r**6 - 5*r**2 + 0. Give g(0).
0
Let d be 1 - (-4 - -5 - -1). Let m = -1 + 2. Let t(c) = -m - 2*c + 6*c - c. Give t(d).
-4
Let n(o) be the first derivative of -o**7/840 + o**6/60 - o**5/20 - o**4/6 + o**3/3 - 8. Let g(w) be the third derivative of n(w). Give g(5).
-9
Suppose 5*i = -4*a + 28, 4*a + 0*i - i - 4 = 0. Let c(t) = t**2 + t. Let p(j) = 4*j**2 + 8*j - 2. Let u(b) = -6*c(b) + p(b). What is u(a)?
-6
Let c(y) = -8*y. Suppose -33 = 5*k + 107. Let u = k - -29. What is c(u)?
-8
Let h(w) = -5*w**2 + 2*w - 1. Let k be h(1). Let i(l) = 4*l**2 + 1560 + 0*l**3 - 1559 + l**3. Calculate i(k).
1
Let i(s) = s**3 + 5*s**2 - 5*s - 6. Let z = -230 + 224. Give i(z).
-12
Let q(g) = -3*g**3 - 3*g + 1. Suppose 5*z + 4*o - 26 = 0, 3*z = -0*z + 2*o - 2. Determine q(z).
-29
Suppose 4*y = 2*a - 4, 4*y - 7 = -5*a + 17. Suppose a*i = -12 - 8. Let x be (-12)/30 + (-32)/i. Let u(d) = -d - 3. Calculate u(x).
-9
Let j(u) = -13*u + 5 - 50*u**2 + 0*u**3 + 47*u**2 - 1 + u**3. What is j(5)?
-11
Suppose 16*m - 4 = 14*m, t + 2*m = 11. Let a(l) = l**2 - 6*l + 2. Determine a(t).
9
Let n(x) = -16*x + 23. Let y(r) = 5*r - 7. Let t be (-3)/4 - 169/52 - 3. Let j(g) = t*y(g) - 2*n(g). Determine j(5).
-12
Let j(x) = -x**3 + 3*x + 1. Let v(s) = 2*s**3 - 4*s**2 - 11*s - 8. Let o(d) = -3*j(d) - v(d). What is o(-4)?
-3
Suppose -3*l - 30 = -8*l. Let p(n) = 241*n**3 - 2*n**2 - n - 4*n**2 - 120*n**3 - 120*n**3. Calculate p(l).
-6
Let b(k) = k - 16. Let s(y) = 2*y - 33. Let j(i) = -9*b(i) + 4*s(i). Determine j(6).
6
Let i(a) = 14*a + 10. Let f(t) = 5*t + 3. Let y(m) = -17*f(m) + 6*i(m). Calculate y(0).
9
Let r(u) be the first derivative of u**2 + 2*u - 18. Let n(d) = -d**3 - 4*d**2 + 46*d + 7. Let q be n(-9). Determine r(q).
-2
Let c(v) be the third derivative of -v**6/360 - v**5/15 + v**4/12 - v**3 + 11*v**2. Let b(j) be the first derivative of c(j). Give b(-7).
9
Let w(a) = a**3 - 4*a**2 - 7*a - 5. Suppose -5*j = 25, 7 = 276*b - 279*b - 5*j. What is w(b)?
